{"id":446,"date":"2012-01-29T19:30:33","date_gmt":"2012-01-29T18:30:33","guid":{"rendered":"http:\/\/atamayka.com\/home\/?page_id=374"},"modified":"2014-11-09T18:45:17","modified_gmt":"2014-11-09T17:45:17","slug":"atamayka-artist-statement","status":"publish","type":"page","link":"http:\/\/atamayka.com\/art\/de\/atamayka-artist-statement\/","title":{"rendered":"\u00dcber die 100 Urban Faces (K\u00fcnstler-Statement)"},"content":{"rendered":"<p><\/p>\n<p><p style=\"text-align: left;\"><strong>+ Inspiration<\/strong><\/p>\n<p>Welch Sch\u00f6nheit und Ehrlichkeit versteckt sich in den Gesichtslinien des Stadtmenschen, wenn er sich von seinen vier W\u00e4nden gesch\u00fctzt f\u00fchlt!<\/p>\n<p style=\"text-align: left;\"><a href=\"http:\/\/atamayka.com\/art\/wp-content\/uploads\/2014\/11\/About_100UrbanFace_de.jpg\"><img loading=\"lazy\" decoding=\"async\" class=\"alignnone size-large wp-image-449\" src=\"http:\/\/atamayka.com\/art\/wp-content\/uploads\/2014\/11\/About_100UrbanFace_de-500x339.jpg\" alt=\"100 Urban Faces - Zeichnungen und Keramik\" width=\"500\" height=\"339\" srcset=\"http:\/\/atamayka.com\/art\/wp-content\/uploads\/2014\/11\/About_100UrbanFace_de-500x339.jpg 500w, http:\/\/atamayka.com\/art\/wp-content\/uploads\/2014\/11\/About_100UrbanFace_de-110x74.jpg 110w, http:\/\/atamayka.com\/art\/wp-content\/uploads\/2014\/11\/About_100UrbanFace_de-250x169.jpg 250w, http:\/\/atamayka.com\/art\/wp-content\/uploads\/2014\/11\/About_100UrbanFace_de-150x101.jpg 150w, http:\/\/atamayka.com\/art\/wp-content\/uploads\/2014\/11\/About_100UrbanFace_de-400x271.jpg 400w, http:\/\/atamayka.com\/art\/wp-content\/uploads\/2014\/11\/About_100UrbanFace_de-624x423.jpg 624w, http:\/\/atamayka.com\/art\/wp-content\/uploads\/2014\/11\/About_100UrbanFace_de.jpg 800w\" sizes=\"auto, (max-width: 500px) 100vw, 500px\" \/><\/a><\/p>\n<p><strong>+ Prozess<\/strong><\/p>\n<p>Es inspiriert mich, wie Gedanken und Gef\u00fchle an die Oberfl\u00e4che von Gesichtern der Menschen dringen. Dieser Akt der Entdeckung von Authentizit\u00e4t ist etwas, das ich liebe. Sie fasziniert und bewegt mich zutiefst.<\/p>\n<p>Meine 100 Urban Faces sind ein \u201cEntdeckungsspiel\u201d, bei dem ich herausfinde, wer sich hinter dem Gekritzel versteckt.<\/p>\n<p>Wenn es mir gelingt, bin ich begeistert! In der Folge erg\u00e4nze ich die Linien so, dass andere sehen k\u00f6nnen, was ich sehe. Die Plastizit\u00e4t des Tons bringt \u201cLeben\u201d in diese Linien und Gesichter. Dieses \u201cLeben\u201d zerleitet zum Angreifen, z\u00fcndet Fantasie und erzeugt Emotionen: sei es Lachen, Mitgef\u00fchl, Spott, Freude und so weiter. Und dann, wenn ich solche spontanen Reaktionen an den Betrachtern erblicke, beginnt der Kreislauf wieder von vorne: Es inspiriert mich, wie Gedanken und Gef\u00fchle an die Oberfl\u00e4che von Gesichtern\u2026<\/p>\n<p><a href=\"http:\/\/atamayka.com\/art\/wp-content\/uploads\/2014\/11\/Installation_100UrbanFaces.jpg\"><img loading=\"lazy\" decoding=\"async\" class=\"alignnone size-large wp-image-453\" src=\"http:\/\/atamayka.com\/art\/wp-content\/uploads\/2014\/11\/Installation_100UrbanFaces-500x375.jpg\" alt=\"Installation_100UrbanFaces\" width=\"500\" height=\"375\" srcset=\"http:\/\/atamayka.com\/art\/wp-content\/uploads\/2014\/11\/Installation_100UrbanFaces-500x375.jpg 500w, http:\/\/atamayka.com\/art\/wp-content\/uploads\/2014\/11\/Installation_100UrbanFaces-110x82.jpg 110w, http:\/\/atamayka.com\/art\/wp-content\/uploads\/2014\/11\/Installation_100UrbanFaces-250x187.jpg 250w, http:\/\/atamayka.com\/art\/wp-content\/uploads\/2014\/11\/Installation_100UrbanFaces-150x112.jpg 150w, http:\/\/atamayka.com\/art\/wp-content\/uploads\/2014\/11\/Installation_100UrbanFaces-400x300.jpg 400w, http:\/\/atamayka.com\/art\/wp-content\/uploads\/2014\/11\/Installation_100UrbanFaces-624x468.jpg 624w, http:\/\/atamayka.com\/art\/wp-content\/uploads\/2014\/11\/Installation_100UrbanFaces.jpg 800w\" sizes=\"auto, (max-width: 500px) 100vw, 500px\" \/><\/a><\/p>\n<p><strong>+ Technik<\/strong><\/p>\n<p>Aus zuf\u00e4lligen Linien entstanden Zeichnungen, die in Ton geritzt und zu plastischen Gesichtern ausgeformt wurden.<\/p>\n<p>Am Ende der Trocknungszeit sehe ich, dass manchmal das Kunstst\u00fcck sich in eine andere Richtung biegt und anders aussieht, wenn ich es mit den ersten Zeichnungen vergleiche. Ich mag es, dass Ton ein Ged\u00e4chtnis hat, und ich lasse es einfach zu.<\/p>\n<p>Danach kommt das Waschen, F\u00e4rben und Glasieren.<\/p>\n<p>Ich brenne die Werkst\u00fccke zwei bis drei mal bei bis zu 1060 \u00b0C.<\/p>\n<p><a href=\"http:\/\/atamayka.com\/art\/wp-content\/uploads\/2014\/11\/Montage_100UrbanFaces.jpg\"><img loading=\"lazy\" decoding=\"async\" class=\"alignnone size-large wp-image-454\" src=\"http:\/\/atamayka.com\/art\/wp-content\/uploads\/2014\/11\/Montage_100UrbanFaces-500x238.jpg\" alt=\"Montage_100UrbanFaces\" width=\"500\" height=\"238\" srcset=\"http:\/\/atamayka.com\/art\/wp-content\/uploads\/2014\/11\/Montage_100UrbanFaces-500x238.jpg 500w, http:\/\/atamayka.com\/art\/wp-content\/uploads\/2014\/11\/Montage_100UrbanFaces-110x52.jpg 110w, http:\/\/atamayka.com\/art\/wp-content\/uploads\/2014\/11\/Montage_100UrbanFaces-250x119.jpg 250w, http:\/\/atamayka.com\/art\/wp-content\/uploads\/2014\/11\/Montage_100UrbanFaces-150x71.jpg 150w, http:\/\/atamayka.com\/art\/wp-content\/uploads\/2014\/11\/Montage_100UrbanFaces-400x191.jpg 400w, http:\/\/atamayka.com\/art\/wp-content\/uploads\/2014\/11\/Montage_100UrbanFaces-624x297.jpg 624w, http:\/\/atamayka.com\/art\/wp-content\/uploads\/2014\/11\/Montage_100UrbanFaces.jpg 800w\" sizes=\"auto, (max-width: 500px) 100vw, 500px\" \/><\/a><\/p>\n<p><strong>+ Montage (anonym sein)<\/strong><\/p>\n<p>Das Stadtleben in vielen St\u00e4dten dieses Planeten, bedeutet f\u00fcr viele das leben in kleinen Zimmern, in seriell gebauten Wohnh\u00e4usern. Und doch ist jede dieser kleinen Boxen gro\u00df in seiner Bedeutung als ZUHAUSE.<\/p>\n<p>Ich fand in die IKEA Expedit B\u00fccherregalen den Rahmen f\u00fcr die 100 Urban Faces. Sie sind serienm\u00e4\u00dfig gebaut und \u00fcberall auf der Welt gleich. Wir passten die Regale an, indem wir kuschelige Divisionen (Kulissen) einbauten, so dass jedes \u201cGesicht\u201d sein eigenes kleines Nest bekam.<\/p>\n<p>Die Installation vereint die vielen \u201cIndividuen\u201d und ist ein fester Bestandteil des Kunstwerks.<\/p>\n<p>&nbsp;<\/p>\n<\/p>\n<p><\/p>","protected":false},"excerpt":{"rendered":"<p>+ Inspiration Welch Sch\u00f6nheit und Ehrlichkeit versteckt sich in den Gesichtslinien des Stadtmenschen, wenn er sich von seinen vier W\u00e4nden gesch\u00fctzt f\u00fchlt! + Prozess Es inspiriert mich, wie Gedanken und Gef\u00fchle an die Oberfl\u00e4che von Gesichtern der Menschen dringen. Dieser Akt der Entdeckung von Authentizit\u00e4t ist etwas, das ich liebe. Sie fasziniert und bewegt mich [&hellip;]<\/p>\n","protected":false},"author":1,"featured_media":0,"parent":0,"menu_order":0,"comment_status":"closed","ping_status":"closed","template":"","meta":{"_exactmetrics_skip_tracking":false,"_exactmetrics_sitenote_active":false,"_exactmetrics_sitenote_note":"","_exactmetrics_sitenote_category":0,"footnotes":""},"class_list":["post-446","page","type-page","status-publish","hentry"],"_links":{"self":[{"href":"http:\/\/atamayka.com\/art\/de\/wp-json\/wp\/v2\/pages\/446","targetHints":{"allow":["GET"]}}],"collection":[{"href":"http:\/\/atamayka.com\/art\/de\/wp-json\/wp\/v2\/pages"}],"about":[{"href":"http:\/\/atamayka.com\/art\/de\/wp-json\/wp\/v2\/types\/page"}],"author":[{"embeddable":true,"href":"http:\/\/atamayka.com\/art\/de\/wp-json\/wp\/v2\/users\/1"}],"replies":[{"embeddable":true,"href":"http:\/\/atamayka.com\/art\/de\/wp-json\/wp\/v2\/comments?post=446"}],"version-history":[{"count":2,"href":"http:\/\/atamayka.com\/art\/de\/wp-json\/wp\/v2\/pages\/446\/revisions"}],"predecessor-version":[{"id":473,"href":"http:\/\/atamayka.com\/art\/de\/wp-json\/wp\/v2\/pages\/446\/revisions\/473"}],"wp:attachment":[{"href":"http:\/\/atamayka.com\/art\/de\/wp-json\/wp\/v2\/media?parent=446"}],"curies":[{"name":"wp","href":"https:\/\/api.w.org\/{rel}","templated":true}]}}